{"id":2,"date":"2018-03-20T11:00:11","date_gmt":"2018-03-20T10:00:11","guid":{"rendered":"http:\/\/terradeltuono.it\/b2bfr\/?page_id=2"},"modified":"2020-07-22T18:07:09","modified_gmt":"2020-07-22T16:07:09","slug":"chi-siamo","status":"publish","type":"page","link":"https:\/\/www.terradeltuono.it\/b2bfr\/","title":{"rendered":"Qui nous sommes"},"content":{"rendered":"<p><div class=\"fusion-fullwidth fullwidth-box fusion-parallax-fixed bg-size-initial staff hundred-percent-fullwidth non-hundred-percent-height-scrolling fusion-equal-height-columns\"  style='background-color: #ffffff;background-image: url(\"http:\/\/terradeltuono.it\/b2bfr\/wp-content\/uploads\/sites\/10\/2018\/05\/tizzi-bollitore.jpg\");background-position: right center;background-repeat: no-repeat;-webkit-background-size:cover;-moz-background-size:cover;-o-background-size:cover;background-size:cover;background-attachment:fixed;'><div class=\"fusion-builder-row fusion-row \"><div  class=\"fusion-layout-column fusion_builder_column fusion_builder_column_1_1  fusion-one-full fusion-column-first fusion-column-last 1_1\"  style='margin-top:0px;margin-bottom:0px;'>\n\t\t\t\t\t<div class=\"fusion-column-wrapper\" style=\"padding: 100px 100px 80px 60px;background-position:left top;background-repeat:no-repeat;-webkit-background-size:cover;-moz-background-size:cover;-o-background-size:cover;background-size:cover;\"  data-bg-url=\"\">\n\t\t\t\t\t\t<div class=\"fusion-title title fusion-sep-none fusion-title-center fusion-title-size-two title-left-small\" style=\"margin-top:0px;margin-bottom:0px;\"><h2 class=\"title-heading-center\">Notre Equipe<\/h2><\/div><div class=\"fusion-sep-clear\"><\/div><div class=\"fusion-separator sep-single sep-solid sep-left-small\" style=\"border-color:#cccccc;border-top-width:3px;margin-left: auto;margin-right: auto;margin-top:10px;margin-bottom:30px;width:100%;max-width:90px;\"><\/div><div class=\"fusion-title title fusion-sep-none fusion-title-center fusion-title-size-five sub-left-small\" style=\"margin-top:0px;margin-bottom:31px;\"><h5 class=\"title-heading-center\">Terra del Tuono a toujours \u00e9t\u00e9 un vinaigrier familial.<\/h5><\/div><div class=\"fusion-text\"><div class=\"fusion-text\">\n<p class=\"txt-left-small\" style=\"text-align: center;\">Depuis 1892, les Fils succ\u00e8dent aux Parents, qui les ont pr\u00e9c\u00e9d\u00e9s dans la conduite.<br \/>\nAujourd\u2019hui, \u00e0 Acetaia, Tiziana et Massimo travaillent, compagnons aussi dans la vie. Les deux fils, Alberto et Roberto, travaillent d\u00e9j\u00e0 avec eux.<\/p>\n<p class=\"txt-left-small\" style=\"text-align: center;\">La Tradition se poursuit donc.<br \/>\nDans notre \u00e9quipe, il y a beaucoup d\u2019autres personnes, anim\u00e9es par la m\u00eame passion pour l\u2019or noir, tous experts du vinaigre balsamique de Mod\u00e8ne IGP et beaucoup aussi D\u00e9gustateurs certifi\u00e9s.<\/p>\n<\/div>\n<\/div><div class=\"fusion-clearfix\"><\/div>\n\n\t\t\t\t\t<\/div>\n\t\t\t\t<\/div><\/div><\/div><div class=\"fusion-fullwidth fullwidth-box fusion-parallax-none bg-size-contain all-yellow-small cosa-facciamo hundred-percent-fullwidth non-hundred-percent-height-scrolling fusion-equal-height-columns\"  style='background-color: rgba(255,255,255,0);background-image: url(\"http:\/\/terradeltuono.it\/b2bfr\/wp-content\/uploads\/sites\/10\/2018\/05\/cosafacciamobottomgrey.jpg\");background-position: right top;background-repeat: no-repeat;-webkit-background-size:cover;-moz-background-size:cover;-o-background-size:cover;background-size:cover;'><div class=\"fusion-builder-row fusion-row \"><div  class=\"fusion-layout-column fusion_builder_column fusion_builder_column_1_3  fusion-one-third fusion-column-first 1_3\"  style='margin-top:0px;margin-bottom:0px;width:33.33%;width:calc(33.33% - ( ( 4% ) * 0.3333 ) );margin-right: 4%;'>\n\t\t\t\t\t<div class=\"fusion-column-wrapper\" style=\"padding: 0px 0px 0px 0px;background-image: url('http:\/\/terradeltuono.it\/b2bfr\/wp-content\/uploads\/sites\/10\/2018\/05\/siloscosafacciamo.jpg');background-position:center center;background-repeat:no-repeat;-webkit-background-size:cover;-moz-background-size:cover;-o-background-size:cover;background-size:cover;\"  data-bg-url=\"http:\/\/terradeltuono.it\/b2bfr\/wp-content\/uploads\/sites\/10\/2018\/05\/siloscosafacciamo.jpg\">\n\t\t\t\t\t\t<div class=\"fusion-clearfix\"><\/div>\n\n\t\t\t\t\t<\/div>\n\t\t\t\t<\/div><div  class=\"fusion-layout-column fusion_builder_column fusion_builder_column_2_3  fusion-two-third fusion-column-last cosafacciamocol 2_3\"  style='margin-top:0px;margin-bottom:0px;width:66.66%;width:calc(66.66% - ( ( 4% ) * 0.6666 ) );'>\n\t\t\t\t\t<div class=\"fusion-column-wrapper\" style=\"padding: 100px 450px 80px 60px;background-position:left top;background-repeat:no-repeat;-webkit-background-size:cover;-moz-background-size:cover;-o-background-size:cover;background-size:cover;\"  data-bg-url=\"\">\n\t\t\t\t\t\t<div class=\"fusion-title title fusion-sep-none fusion-title-size-two\" style=\"margin-top:0px;margin-bottom:0px;\"><h2 class=\"title-heading-left\">Ce que nous faisons<\/h2><\/div><div class=\"fusion-sep-clear\"><\/div><div class=\"fusion-separator sep-single sep-solid\" style=\"border-color:#999999;border-top-width:3px;margin-top:10px;margin-bottom:30px;width:100%;max-width:90px;\"><\/div><div class=\"fusion-title title fusion-sep-none fusion-title-size-five\" style=\"margin-top:0px;margin-bottom:31px;\"><h5 class=\"title-heading-left\">Nous fabriquons du vinaigre balsamique de Mod\u00e8ne IGP et des condiments.<\/h5><\/div><div class=\"fusion-text\"><div style=\"color: #6a5500;\">\n<p>Nous produisons de v\u00e9ritables sp\u00e9cialit\u00e9s avec du vinaigre balsamique de Mod\u00e8ne IGP, ainsi que du vinaigre balsamique traditionnel de Reggio Emilia AOP et divers condiments. Tous nos vinaigres et condiments sont de la plus haute qualit\u00e9, enti\u00e8rement naturels, sans colorant, \u00e9paississant, conservateur, caramel ou autres substances similaires. Les seuls ingr\u00e9dients de nos Vinaigres balsamiques de Mod\u00e8ne IGP sont du mo\u00fbt de raisin cuit et du vinaigre de vin, longuement vieillis dans des f\u00fbts de diff\u00e9rents types de bois, pour donner \u00e0 nos sp\u00e9cialit\u00e9s un go\u00fbt vraiment unique.<\/p>\n<p>Les diff\u00e9rentes sp\u00e9cialit\u00e9s ont \u00e9t\u00e9 cr\u00e9\u00e9es pour les besoins de la gastronomie de haute qualit\u00e9. En fait, nous avons toujours travaill\u00e9 avec les meilleurs Chefs et Chefs cuisiniers, faisant de nous des interpr\u00e8tes de leur recherche de nouvelles saveurs. Dans la cuisine, il y a une infinit\u00e9 de fa\u00e7ons de donner de l\u2019imagination et de la personnalit\u00e9 aux plats, gr\u00e2ce \u00e0 nos sp\u00e9cialit\u00e9s.<\/p>\n<\/div>\n<\/div><div class=\"fusion-clearfix\"><\/div>\n\n\t\t\t\t\t<\/div>\n\t\t\t\t<\/div><\/div><\/div><div class=\"fusion-fullwidth fullwidth-box hundred-percent-fullwidth non-hundred-percent-height-scrolling fusion-equal-height-columns\"  style='background-color: rgba(255,255,255,0);background-position: center center;background-repeat: no-repeat;'><div class=\"fusion-builder-row fusion-row \"><div  class=\"fusion-layout-column fusion_builder_column fusion_builder_column_1_2  fusion-one-half fusion-column-first fusion-blend-mode no-margin gente-aceto-col 1_2\"  style='margin-top:0px;margin-bottom:20px;width:50%;width:calc(50% - ( ( 4% + 4% ) * 0.5 ) );margin-right: 4%;'>\n\t\t\t\t\t<div class=\"fusion-column-wrapper\" style=\"background-color:#ffffff;padding: 60px 60px 60px 60px;background-position:left top;background-repeat:no-repeat;-webkit-background-size:cover;-moz-background-size:cover;-o-background-size:cover;background-size:cover;\"  data-bg-url=\"\">\n\t\t\t\t\t\t<div class=\"fusion-title title fusion-sep-none fusion-title-size-two\" style=\"margin-top:0px;margin-bottom:0px;\"><h2 class=\"title-heading-left\">Le peuple balsamique<\/h2><\/div><div class=\"fusion-sep-clear\"><\/div><div class=\"fusion-separator sep-single sep-solid\" style=\"border-color:#ffffff;border-top-width:3px;margin-top:10px;margin-bottom:30px;width:100%;max-width:90px;\"><\/div><div class=\"fusion-text\"><div style=\"color: #6a5500;\">\n<p>Dans le vinaigre balsamique de Mod\u00e8ne IGP le plus m\u00fbr, la couleur est noire et brillante, tandis que dans le plus jeune, elle est plus claire et tend vers le brun fonc\u00e9.<br \/>\nCependant, elle doit toujours \u00eatre claire et brillante. Au fur et \u00e0 mesure qu\u2019elle vieillit, la densit\u00e9 devient de plus en plus constante.<\/p>\n<p>Dans le Vinaigre Balsamique de Mod\u00e8ne IGP vieilli, l\u2019ar\u00f4me est plus persistant et complexe, il p\u00e9n\u00e8tre dans les narines et s\u2019enveloppe du bouquet caract\u00e9ristique de vieux bois et de fleurs m\u00fbres.<\/p>\n<p>La saveur est une fusion magique de pr\u00e9cieuses senteurs anciennes et de d\u00e9licats parfums de mo\u00fbt.<br \/>\nUne exp\u00e9rience unique, qui n\u2019est pas d\u00e9crite, mais v\u00e9cue.<\/p>\n<p>Dans le produit de longue garde, le sucr\u00e9 et l\u2019acide sont toujours bien m\u00e9lang\u00e9s, les ar\u00f4mes persistants. Notre tradition dure depuis plus d\u2019un si\u00e8cle. Une vie ne suffit pas\u2026<\/p>\n<p>\u00c0 notre sant\u00e9, peuple balsamique.<\/p>\n<\/div>\n<\/div><div class=\"fusion-clearfix\"><\/div>\n\n\t\t\t\t\t<\/div>\n\t\t\t\t<\/div><div  class=\"fusion-layout-column fusion_builder_column fusion_builder_column_1_4  fusion-one-fourth no-margin dopo-gente-aceto-col 1_4\"  style='margin-top:0px;margin-bottom:20px;width:25%;width:calc(25% - ( ( 4% + 4% ) * 0.25 ) );margin-right: 4%;'>\n\t\t\t\t\t<div class=\"fusion-column-wrapper\" style=\"padding: 0px 0px 0px 0px;background-image: url('http:\/\/terradeltuono.it\/b2bfr\/wp-content\/uploads\/sites\/10\/2018\/05\/botte.jpg');background-position:center top;background-repeat:no-repeat;-webkit-background-size:cover;-moz-background-size:cover;-o-background-size:cover;background-size:cover;\"  data-bg-url=\"http:\/\/terradeltuono.it\/b2bfr\/wp-content\/uploads\/sites\/10\/2018\/05\/botte.jpg\">\n\t\t\t\t\t\t<div class=\"fusion-clearfix\"><\/div>\n\n\t\t\t\t\t<\/div>\n\t\t\t\t<\/div><div  class=\"fusion-layout-column fusion_builder_column fusion_builder_column_1_4  fusion-one-fourth fusion-column-last fusion-blend-mode no-margin qualche-segreto-col 1_4\"  style='margin-top:0px;margin-bottom:20px;width:25%;width:calc(25% - ( ( 4% + 4% ) * 0.25 ) );'>\n\t\t\t\t\t<div class=\"fusion-column-wrapper\" style=\"background-color:#cccccc;padding: 60px 60px 60px 60px;background-position:left top;background-repeat:no-repeat;-webkit-background-size:cover;-moz-background-size:cover;-o-background-size:cover;background-size:cover;\"  data-bg-url=\"\">\n\t\t\t\t\t\t<div class=\"fusion-title title fusion-sep-none fusion-title-size-two\" style=\"margin-top:0px;margin-bottom:0px;\"><h2 class=\"title-heading-left\">Quelques secrets<\/h2><\/div><div class=\"fusion-sep-clear\"><\/div><div class=\"fusion-separator sep-single sep-solid\" style=\"border-color:#ffffff;border-top-width:3px;margin-top:10px;margin-bottom:30px;width:100%;max-width:90px;\"><\/div><div class=\"fusion-text\"><div style=\"color: #6a5500;\">\n<p>Une batterie de vinaigre doit comporter au moins cinq barils de diff\u00e9rentes capacit\u00e9s. Chacun est fait d\u2019un bois diff\u00e9rent.<\/p>\n<p>Le Cerisier adoucit la saveur, le Ch\u00e2taignier assombrit le Vinaigre, le M\u00fbrier l\u2019\u00e9paissit, le Gen\u00e9vrier donne la saveur et le Ch\u00eane se concentre et donne cette ancienne noblesse.<\/p>\n<p>Il faut une harmonie parfaite pour notre vinaigre balsamique de Mod\u00e8ne IGP, et beaucoup d\u2019exp\u00e9rience pour d\u00e9cider comment disposer les diff\u00e9rents bois dans les f\u00fbts et choisir le meilleur moment pour effectuer le bourrage annuel. C\u2019est la seule fa\u00e7on d\u2019atteindre l\u2019excellence, gr\u00e2ce \u00e0 l\u2019exp\u00e9rience et \u00e0 la passion.<\/p>\n<p><em>Ces valeurs, \u00e0 Terra del Tuono, sont jalousement gard\u00e9es.<\/em><\/p>\n<\/div>\n<\/div><div class=\"fusion-clearfix\"><\/div>\n\n\t\t\t\t\t<\/div>\n\t\t\t\t<\/div><\/div><\/div><\/p>\n","protected":false},"excerpt":{"rendered":"","protected":false},"author":1,"featured_media":0,"parent":0,"menu_order":0,"comment_status":"closed","ping_status":"open","template":"100-width.php","meta":{"footnotes":""},"class_list":["post-2","page","type-page","status-publish","hentry"],"_links":{"self":[{"href":"https:\/\/www.terradeltuono.it\/b2bfr\/wp-json\/wp\/v2\/pages\/2","targetHints":{"allow":["GET"]}}],"collection":[{"href":"https:\/\/www.terradeltuono.it\/b2bfr\/wp-json\/wp\/v2\/pages"}],"about":[{"href":"https:\/\/www.terradeltuono.it\/b2bfr\/wp-json\/wp\/v2\/types\/page"}],"author":[{"embeddable":true,"href":"https:\/\/www.terradeltuono.it\/b2bfr\/wp-json\/wp\/v2\/users\/1"}],"replies":[{"embeddable":true,"href":"https:\/\/www.terradeltuono.it\/b2bfr\/wp-json\/wp\/v2\/comments?post=2"}],"version-history":[{"count":27,"href":"https:\/\/www.terradeltuono.it\/b2bfr\/wp-json\/wp\/v2\/pages\/2\/revisions"}],"predecessor-version":[{"id":615,"href":"https:\/\/www.terradeltuono.it\/b2bfr\/wp-json\/wp\/v2\/pages\/2\/revisions\/615"}],"wp:attachment":[{"href":"https:\/\/www.terradeltuono.it\/b2bfr\/wp-json\/wp\/v2\/media?parent=2"}],"curies":[{"name":"wp","href":"https:\/\/api.w.org\/{rel}","templated":true}]}}