{"id":7,"date":"2018-03-23T10:26:17","date_gmt":"2018-03-23T09:26:17","guid":{"rendered":"http:\/\/terradeltuono.it\/b2bde\/prodotto\/natale-rosso-2\/"},"modified":"2020-07-10T10:25:37","modified_gmt":"2020-07-10T08:25:37","slug":"natale-rosso-balsamico-essig-aus-modena-gereift","status":"publish","type":"product","link":"https:\/\/www.terradeltuono.it\/b2bde\/prodotto\/natale-rosso-balsamico-essig-aus-modena-gereift\/","title":{"rendered":"NATALE ROSSO Balsamico &#8211; Essig aus Modena &#8211; Gereift"},"content":{"rendered":"<div class=\"fusion-fullwidth fullwidth-box nonhundred-percent-fullwidth non-hundred-percent-height-scrolling\"  style='background-color: rgba(255,255,255,0);background-position: center center;background-repeat: no-repeat;padding-top:0px;padding-right:0px;padding-bottom:0px;padding-left:0px;'><div class=\"fusion-builder-row fusion-row \"><div  class=\"fusion-layout-column fusion_builder_column fusion_builder_column_1_1  fusion-one-full fusion-column-first fusion-column-last 1_1\"  style='margin-top:0px;margin-bottom:0px;'>\n\t\t\t\t\t<div class=\"fusion-column-wrapper\" style=\"padding: 0px 0px 0px 0px;background-position:left top;background-repeat:no-repeat;-webkit-background-size:cover;-moz-background-size:cover;-o-background-size:cover;background-size:cover;\"  data-bg-url=\"\">\n\t\t\t\t\t\t<div class=\"fusion-text\"><p>Der GEREIFTE Balsamico-Essig aus Modena I.G.P. wird in seiner Weihnachtsausgabe nach der<br \/>\nalten Methode unserer Tradition nur aus ausgew\u00e4hlten Traubenmosten hergestellt und mit bestem gereiftem Weinessig gemischt.<\/p>\n<p>Dieser Balsamessig hat eine sirupartige Konsistenz, eine dunkle und gl\u00e4nzende Farbe und einen angenehm s\u00fc\u00df-sauren aromatischen Geschmack. Er hat eine ausgezeichnete Balance und eine gute Struktur. Der Geschmack ist intensiv, frisch und ausgewogen, mit einem sauberen, aromatischen und anhaltenden Ausklang, der w\u00e4hrend der gesamten Mahlzeit voll verwendetwird.<\/p>\n<p>Er eignet sich auch hervorragend f\u00fcr Fischgerichte wie f\u00fcr Vorspeisen auf Reis- und Nudelbasis. Er ist die perfekte Erg\u00e4nzung zu gereiftem -sowohl frischem K\u00e4se. Er ist eine wunderbare Kombination auf Obst, S\u00fc\u00dfigkeiten, Desserts und Eiscreme.<\/p>\n<\/div><div class=\"fusion-button-wrapper\"><style type=\"text\/css\" scoped=\"scoped\">.fusion-button.button-1 .fusion-button-text, .fusion-button.button-1 i {color:#000000;}.fusion-button.button-1 {border-width:1px;border-color:#000000;}.fusion-button.button-1 .fusion-button-icon-divider{border-color:#000000;}.fusion-button.button-1:hover .fusion-button-text, .fusion-button.button-1:hover i,.fusion-button.button-1:focus .fusion-button-text, .fusion-button.button-1:focus i,.fusion-button.button-1:active .fusion-button-text, .fusion-button.button-1:active{color:#000000;}.fusion-button.button-1:hover, .fusion-button.button-1:focus, .fusion-button.button-1:active{border-width:1px;border-color:#000000;}.fusion-button.button-1:hover .fusion-button-icon-divider, .fusion-button.button-1:hover .fusion-button-icon-divider, .fusion-button.button-1:active .fusion-button-icon-divider{border-color:#000000;}.fusion-button.button-1{width:auto;}<\/style><a class=\"fusion-button button-flat fusion-button-square button-medium button-default button-1\" target=\"_self\" href=\"http:\/\/terradeltuono.it\/b2bde\/wp-content\/uploads\/sites\/8\/2019\/07\/NATALEROSSO.pdf\"><span class=\"fusion-button-text\">DATENBLATT<\/span><\/a><\/div><ul class=\"fusion-checklist fusion-checklist-1\" style=\"font-size:13px;line-height:22.1px;\"><li class=\"fusion-li-item\"><span style=\"height:22.1px;width:22.1px;margin-right:9.1px;\" class=\"icon-wrapper circle-no\"><i class=\"fusion-li-icon fa fa-adjust\" style=\"color:#666666;\"><\/i><\/span><div class=\"fusion-li-item-content\" style=\"margin-left:31.2px;\"><strong>Farbe:<\/strong>  Dunkelschwarz, vollmundig und gleichm\u00e4\u00dfig.<\/div><\/li><li class=\"fusion-li-item\"><span style=\"height:22.1px;width:22.1px;margin-right:9.1px;\" class=\"icon-wrapper circle-no\"><i class=\"fusion-li-icon fa fa-fire\" style=\"color:#666666;\"><\/i><\/span><div class=\"fusion-li-item-content\" style=\"margin-left:31.2px;\"><strong>Geruch:<\/strong>  Das Parf\u00fcm ist fein und einh\u00fcllend, elegant und harmonisch, mit dem charakteristischen Aroma von reifen Trauben.<\/div><\/li><li class=\"fusion-li-item\"><span style=\"height:22.1px;width:22.1px;margin-right:9.1px;\" class=\"icon-wrapper circle-no\"><i class=\"fusion-li-icon fa fa-cutlery\" style=\"color:#666666;\"><\/i><\/span><div class=\"fusion-li-item-content\" style=\"margin-left:31.2px;\"><strong>Geschmack: <\/strong>Der Geschmack ist voll und anhaltend, gro\u00dfz\u00fcgig und weich, reich an Aromen und mit einer bemerkenswerten Geschmacksbest\u00e4ndigkeit.<\/div><\/li><li class=\"fusion-li-item\"><span style=\"height:22.1px;width:22.1px;margin-right:9.1px;\" class=\"icon-wrapper circle-no\"><i class=\"fusion-li-icon fa fa-tint\" style=\"color:#666666;\"><\/i><\/span><div class=\"fusion-li-item-content\" style=\"margin-left:31.2px;\"><strong>Dichte:<\/strong>\u00a0Ca. 1,34<\/div><\/li><li class=\"fusion-li-item\"><span style=\"height:22.1px;width:22.1px;margin-right:9.1px;\" class=\"icon-wrapper circle-no\"><i class=\"fusion-li-icon fa fa-clock-o\" style=\"color:#666666;\"><\/i><\/span><div class=\"fusion-li-item-content\" style=\"margin-left:31.2px;\"><strong>S\u00e4ure:<\/strong>  6%<\/div><\/li><li class=\"fusion-li-item\"><span style=\"height:22.1px;width:22.1px;margin-right:9.1px;\" class=\"icon-wrapper circle-no\"><i class=\"fusion-li-icon fa fa-check\" style=\"color:#666666;\"><\/i><\/span><div class=\"fusion-li-item-content\" style=\"margin-left:31.2px;\">\n<p><strong>Reifezeit: <\/strong> Jahrelang in feinen Eichenf\u00e4ssern<\/p>\n<\/div><\/li><li class=\"fusion-li-item\"><span style=\"height:22.1px;width:22.1px;margin-right:9.1px;\" class=\"icon-wrapper circle-no\"><i class=\"fusion-li-icon fa fa-tachometer\" style=\"color:#666666;\"><\/i><\/span><div class=\"fusion-li-item-content\" style=\"margin-left:31.2px;\"><strong>Zutaten:<\/strong>\u00a0 Gekochter Most, Weinessig. Hergestellt aus Mosten italienischer Trauben, 100% Naturprodukt. Es enth\u00e4lt keine Farbstoffe, Verdickungsmittel, Konservierungsmittel oder Karamell.<strong>Enth\u00e4lt Sulfite.<\/strong><\/div><\/li><\/ul><div class=\"fusion-clearfix\"><\/div>\n\n\t\t\t\t\t<\/div>\n\t\t\t\t<\/div><\/div><\/div>\n","protected":false},"excerpt":{"rendered":"","protected":false},"featured_media":8,"template":"","meta":[],"class_list":{"0":"post-7","1":"product","2":"type-product","3":"status-publish","4":"has-post-thumbnail","6":"product_cat-sleevered-flaschen","7":"product-grid-view","9":"first","10":"instock","11":"shipping-taxable","12":"product-type-simple"},"_links":{"self":[{"href":"https:\/\/www.terradeltuono.it\/b2bde\/wp-json\/wp\/v2\/product\/7","targetHints":{"allow":["GET"]}}],"collection":[{"href":"https:\/\/www.terradeltuono.it\/b2bde\/wp-json\/wp\/v2\/product"}],"about":[{"href":"https:\/\/www.terradeltuono.it\/b2bde\/wp-json\/wp\/v2\/types\/product"}],"wp:featuredmedia":[{"embeddable":true,"href":"https:\/\/www.terradeltuono.it\/b2bde\/wp-json\/wp\/v2\/media\/8"}],"wp:attachment":[{"href":"https:\/\/www.terradeltuono.it\/b2bde\/wp-json\/wp\/v2\/media?parent=7"}],"curies":[{"name":"wp","href":"https:\/\/api.w.org\/{rel}","templated":true}]}}